t. Is t a composite number?
False
Suppose 0 = 5*q + f - 162412, 23*f - 21*f = 2*q - 64972. Is q composite?
True
Let s be 1 - 9/(-5 + 2). Suppose g - 25 = s. Suppose -2*m + 9 = -g. Is m composite?
False
Let m be 0*((-1)/(-2) - 0). Suppose -4*y = 2*y - 42. Suppose m*s - y = -s. Is s a composite number?
False
Suppose -6 - 14 = 3*d - 4*x, -3*x = -6. Let y(l) = -3*l**3 - 2*l**2 + 4*l + 6. Let a be y(d). Is (-5)/35 + a/21 a composite number?
False
Let w be 3 + (0 - (-16)/(-2)). Let u(a) = 99*a - 3. Let y be u(w). Is (4/12)/((-2)/y) a composite number?
False
Let p be (-4 + (-18)/(-4))*0. Suppose -2*d = 10 - 120. Suppose g + p*g = d. Is g a prime number?
False
Let f = -34 + 28. Is (2/f)/(1/(-2085)) prime?
False
Let n be (-7 + -1)/(-2) - 14. Is (345/n)/((-3)/46) a composite number?
True
Suppose -31*a = -39*a. Let h(w) = w**2 - w + 403. Is h(a) composite?
True
Let b be -1*-2*69/6. Suppose -2*g - b = -3*o - 6*g, -o + 3*g = 14. Is -1 - -77 - (o + -2) prime?
False
Let s be (-198)/(-55)*(-10)/(-4). Suppose 10*p = s*p + 34. Is p*(-1 - 105/(-10)) a prime number?
False
Suppose 5*q - 3206 = 4*o + 2421, -4*q + 4498 = -2*o. Is q composite?
False
Suppose -5*g - 115 = -3*k - k, 4*k + g = 97. Suppose 5*c + 2*s = k - 6, -2*c + 3*s = 0. Suppose -6*j + 177 = -c*j. Is j a prime number?
True
Let q = 64 - 70. Let l(z) = -2*z**3 - z**2 - z + 1. Is l(q) a composite number?
True
Let x = 31609 + -17388. Is x composite?
False
Is 4285329/202*4/6 a composite number?
False
Let i be 2 - (5/20 + (-2)/8). Is ((-34)/i)/(14/(-406)) a prime number?
False
Let u be (-6)/(225/(-76) + 3). Let i be u/(-12) - 2/3. Is 268 - 3/i*4 composite?
True
Let l(u) = -16*u - 7. Suppose -o - 48 = 3*o. Is l(o) a composite number?
True
Let t be (6/(-15))/((-5)/(-50)). Let d be (-3)/6 - 2/t. Suppose d = b - f + 5*f - 327, -b = 2*f - 333. Is b a composite number?
True
Let k(c) = -4*c + 1. Let n be k(-1). Suppose -3843 = -n*m - 2*p, 0 = 4*p - 4 - 12. Is m a composite number?
True
Let y = -22 + 20. Is (5480/(-4))/(-5)*(-7)/y prime?
False
Let x = -24 - -24. Suppose -2*s + x*s = -106. Is s a composite number?
False
Let z(n) be the first derivative of -15*n**3/2 - 2*n**2 - n - 4. Let p(d) be the first derivative of z(d). Is p(-3) composite?
False
Suppose 39 = -f + 211. Suppose -3*m + a + f = -0*m, -a = -5. Is m a composite number?
False
Let y = 248181 + -174764. Is y a composite number?
False
Suppose b = 2*r - 72868, -69*r = -72*r + 5*b + 109309. Is r prime?
True
Suppose -3*s = 5*h - 59003, -5*s + 18*h = 20*h - 98313. Is s prime?
True
Let o(u) = -u**2 + 4*u + 5. Let h be o(4). Is 4316 - ((-20)/h)/(-4) prime?
False
Suppose 5*b + 1326 = 11*b. Is b a composite number?
True
Suppose -4230 = 2*o - 20112. Is o a prime number?
False
Let x(j) = j**2 + 11*j - 42. Let b be x(-14). Suppose f - 772 - 150 = z, b = f + 4*z - 907. Is f a prime number?
True
Let a = 16137 - 10806. Is a composite?
True
Let n(g) = -48*g**2 + 25*g**2 + 34*g**2 + 14 + 15*g**2 + 3*g. Is n(-5) a composite number?
True
Let d(f) = 2*f**3 + 42*f**2 + 22*f + 7. Is d(-20) prime?
True
Suppose 0 = -5*a - 2*a - 3136. Let b = -225 - a. Is b prime?
True
Let g(l) = -l**3 + 13*l**2 - 12*l + 3. Suppose 0 = d - 6 + 1. Suppose -1 + 56 = d*r. Is g(r) composite?
False
Suppose -7*h + 11696 = -20567. Is h a prime number?
False
Let h(p) = -24*p**3 + 19*p**2 + 5*p - 9. Let v(w) = 12*w**3 - 10*w**2 - 3*w + 5. Let k(a) = -6*h(a) - 11*v(a). Is k(2) a composite number?
True
Let y = 23 + -24. Is y/(-4 + (-8175)/(-2045)) a composite number?
False
Suppose h = 6*h - 3*q + 3586, -3*h - q = 2160. Let m = -412 - h. Is m a prime number?
True
Let r = 10 + -19. Let c(d) = 12*d**2 + 10*d + 10. Let o be c(r). Suppose 2*w - 6*w + o = 0. Is w a composite number?
False
Let a = -30318 - -55885. Is a composite?
True
Let k = 181 - -70. Suppose 107*o = 108*o - k. Is o composite?
False
Let m = 16558 - 10913. Is m composite?
True
Let s = -1137 + 1141. Suppose 9 = -3*v, -f - 2*f + 72 = 3*v. Let c = f + s. Is c a prime number?
True
Let r(a) be the second derivative of 5*a**4/12 - 5*a**2 + 2*a. Let k be r(12). Suppose -3*b + 1160 = 5*c, -3*c + b = -0*b - k. Is c composite?
True
Let l be (8/6)/((-1)/(-12)). Suppose 0 = 5*b - l + 1. Is 0 + b + -6 + 46 a composite number?
False
Let f be ((-24)/15)/(2/(-5)). Suppose r - 2*b = 2*b + 185, -f*r = -b - 770. Let j = r - 60. Is j prime?
False
Let c(u) = -u**3 + u**2 - u. Let w(x) = 6*x**3 - 13*x**2 - 4*x + 5. Let d(h) = 4*c(h) + w(h). Let n(z) = -z**3 + 4*z**2 - 1. Let p be n(2). Is d(p) composite?
True
Let i(c) = 54*c + 2*c**3 - 2*c**2 - 50*c + 5*c**2 - 7. Is i(6) composite?
False
Is (6 - 2)/((-32)/(-38424)) prime?
False
Suppose -4*g + 4*m + 126 = 10, 3*m = -9. Let b be 82/g - 26/169. Is 8/24*b*55 composite?
True
Suppose -u - 41 = -c + 3*c, -123 = 3*u - 5*c. Let x be (-4)/((-8)/(-10))*u. Let k = -86 + x. Is k a prime number?
False
Let a = -7 - -12. Suppose 351 = -a*p + 56. Is (p/2)/((-1)/2) a prime number?
True
Suppose g - 2 = 3*r - 2*r, 0 = 4*g - r - 11. Suppose -g*j = 117 + 96. Let y = j - -160. Is y prime?
True
Let x(b) = b**3 - 9*b**2 - 5*b + 7. Let r = -54 - -66. Is x(r) prime?
True
Let x = -5718 + 10363. Is x a composite number?
True
Let k(r) = r**2 + 10*r + 11. Let j be k(-11). Let y be 0/(-2) + 12 + j. Suppose 3*v = c - 71, -38 = -c + 2*v + y. Is c prime?
False
Let w(f) = f + 7. Let x be w(4). Let y = x - 3. Is y*19 + -6 + 3 a composite number?
False
Suppose 2*b = -2*b. Suppose w = b, -12 = -3*o + 3*w + 6. Is (1 - -1)/(o/267) prime?
True
Let z = -2 + 8. Let p be z + -10 - -2*2. Suppose 2*s + 0*s - 42 = p. Is s prime?
False
Is (-71772)/(-8)*22/33 composite?
False
Suppose 9*r - 17867 = 37906. Is r a prime number?
True
Let s(h) = -40*h + 87. Is s(-11) a composite number?
True
Let y = -27 + 30. Suppose 3*p - 3261 = y*j, -4*j + j - 1079 = -p. Suppose 0 = -5*v + 974 + p. Is v a prime number?
False
Suppose -f = 1, -5*l = 2*f - 3*f - 4601. Is l - ((-5)/15)/(1/3) a composite number?
True
Suppose -5484 = -11*l + 18881. Is l a prime number?
False
Let i(z) = -z**2 + 3*z - 2. Let l be i(4). Is ((-345)/10)/(l/8) composite?
True
Let b be (1*-1)/(3/12). Let z(q) = -78*q - 5. Is z(b) a composite number?
False
Let f be ((-1 - -1) + 60/10)/2. Suppose -4*u = -f*x - 0*x + 2297, 3817 = 5*x - u. Is x a prime number?
False
Let h be 1/(-3) + (-1)/(-3). Suppose h*a + 30 = 5*a. Is (0 + (-70)/a)*-3 a prime number?
False
Suppose 0 = -2*k - k + 9. Suppose -k*h - 1 = -a + 17, -5*a + 4*h + 101 = 0. Is a prime?
False
Suppose 2*o - 3 + 9 = 4*f, 25 = 5*f. Let g = -2 + o. Suppose 5*s + y - 442 = 0, 0 = s - g*s - y + 353. Is s a prime number?
True
Suppose -2*l + 136 - 128 = 0. Let u = 3 - 0. Suppose l*b - 2387 = -2*q - q, u*b = -3. Is q prime?
True
Let y(q) = q**3 - 3*q**2 + 30*q + 21. Is y(13) a prime number?
False
Let h = 7741 - 5162. Is h prime?
True
Let p(l) be the first derivative of l**4/4 + l**3 - 11*l**2/2 + 14. Is p(5) composite?
True
Suppose -4*j + 6688 = 26*p - 24*p, -5*j - p = -8357. Is j a prime number?
False
Let x(s) = -1357*s**3 + 2*s**2 - 4*s + 2. Let q be x(1). Let u = q + 2828. Is u a composite number?
False
Let l(v) = -v**2 + 5*v + 18. Let k be l(-11). Let o = 261 + k. Is o composite?
False
Let d be (0 + 1)*-7*5. Let w(l) = 7*l - 50. Let n be w(20). Let v = d + n. Is v prime?
False
Suppose -3*f = -7*f - 956. Is f/(2 + 3 + -6) composite?
False
Suppose -28*q + 27*q - 110 = 0. Let j = -273 + 472. Let r = q + j. Is r prime?
True
Suppose 13*h + 121*h = 1571686. Is h a prime number?
False
Suppose -81*i + 1741186 = 610669. Is i a prime number?
False
Is (((-90)/6)/(-5))/(2/7022) a composite number?
True
Suppose -8*l - 24993 = -17*l. Is l a composite number?
False
Let b be (-1)/(-1*(-2)/(-8)). Suppose -4*i + 3*h - 31 = 88, -b*h - 12 = 0. Let c = -11 - i. Is c a composite number?
True
Suppose -3*b + 121 = h, 3*b - 108 = -4*h + 7. Let a = b + 41. Is a prime?
False
Let n(d) = -d**3 + 37*d**2 + 6*d + 29. Is n(29) prime?
False
Let c(o) = o**2 - o + 1. Let l(k) = 88*k**2 - 9*k - 2. Let s(m) = -3*c(m) + l(m). Is s(-2) a composite number?
False
Let i(w) = -2*w**3 - 3*w**2 - 1. Let h be i(-3). Let k(d) = 2*d + 7 - 10*d + h*d**2 + 4*d. Is k(6) a composite number?
False
Let f = -83 - -81. Is f + 1506/(5 - 3) a composite number?
False
Suppose -3*m = m + 68. Let u(l) = 75*l**2 + 17*l + 